 is s(186)?
-11
Let q(g) = -g**2 + 95*g - 42. What is q(95)?
-42
Let z(g) = -504*g - 22768. Give z(-45).
-88
Let z(i) = -11*i**2 - 3939*i - 12127. Determine z(-355).
-57
Let x(h) = 3703*h - 33343. What is x(9)?
-16
Let q(v) = -5992*v - 17852. Calculate q(-3).
124
Let g(r) = -114*r**2 + 6383*r - 19. What is g(56)?
-75
Let u(k) = 2*k**2 - 77*k + 484. Give u(8).
-4
Let d(t) = t**3 - 4*t**2 - 42*t + 58. What is d(-11)?
-1295
Let t(j) = -692*j - 40945. Determine t(-59).
-117
Let r(s) = 67*s**3 - 546*s - 1100. Calculate r(-2).
-544
Let s(h) = 5*h**3 + 19*h**2 + 169*h - 862. What is s(5)?
1083
Let l(y) = y**3 + 5*y**2 - 134253*y - 805472. Determine l(-6).
10
Let a(t) = 258*t**2 - 4387*t + 107. Calculate a(17).
90
Let h(l) = -13380*l + 441517. What is h(33)?
-23
Let y(j) = j**2 - 396*j + 8179. Determine y(21).
304
Let u(m) = 15*m**2 + 2249*m - 103. Calculate u(-150).
47
Let k(p) = 1379*p + 1234. Give k(-1).
-145
Let u(v) = 6*v**2 + 864*v + 707. Give u(-145).
1577
Let j(c) = -6*c**3 - 56*c**2 - 15*c - 14. What is j(-7)?
-595
Let n(d) = 1693*d - 550061. Determine n(325).
164
Let j(s) = 57*s**2 - 1249*s + 6785. Determine j(10).
-5
Let n(s) = 4*s**3 + 94*s**2 - 1545*s - 36021. Calculate n(-24).
-93
Let t(r) = -3483*r**2 - 236839*r + 296. What is t(-68)?
-44
Let h(d) = -2*d**3 - 51*d**2 - 176*d - 3625. Calculate h(-25).
150
Let p(b) = -10048*b - 40072. Determine p(-4).
120
Let m(n) = n**2 + 762*n - 403. What is m(0)?
-403
Let i(w) = 3*w**3 - 491*w**2 - 1157*w - 1981. Give i(166).
-1151
Let l(x) = 5*x**3 - 13*x**2 + 636*x - 3799. What is l(6)?
629
Let u(n) = n**2 - 3066*n - 12309. Calculate u(-4).
-29
Let b(w) = 2*w**3 + 40*w**2 + 15*w + 1168. What is b(-21)?
-29
Let n(g) = -607*g + 11781. Give n(20).
-359
Let b(u) = -u**2 + 213*u - 4721. What is b(188)?
-21
Let f(i) = 17381*i + 86900. Determine f(-5).
-5
Let v(d) = -7622*d + 61005. Give v(8).
29
Let m(r) = -2*r**2 + 115*r - 751. Give m(42).
551
Let t(c) = 56*c**2 - 681*c + 1705. Give t(5).
-300
Let a(f) = 908*f**2 - 122*f - 4. Calculate a(-2).
3872
Let i(t) = 4*t**3 + 20*t**2 - 769*t - 2305. Give i(-3).
74
Let j(n) = 7*n**2 - 324*n - 1114. Determine j(49).
-183
Let j(c) = 67143*c + 537230. Calculate j(-8).
86
Let p(m) = 657*m + 17898. Determine p(-26).
816
Let w(r) = r**3 + 10*r**2 + 130*r + 1018. Give w(-8).
106
Let x(n) = -n**2 - 281*n + 6716. What is x(22)?
50
Let q(p) = -5191*p - 192084. Give q(-37).
-17
Let k(f) = 31*f**2 + 123*f - 17. Calculate k(-3).
-107
Let h(f) = -6907*f - 13777. Determine h(-2).
37
Let x(f) = -8*f**3 + 2*f**2 - 255*f + 764. Give x(3).
-199
Let d(t) = t**2 - 82*t + 2016. Calculate d(47).
371
Let g(t) = 2*t**3 + 780*t**2 - 5556*t + 790. Determine g(-397).
-4
Let o(b) = -112*b + 8869. Give o(91).
-1323
Let u(p) = 181*p - 14098. Give u(78).
20
Let l(j) = -135*j + 9737. Calculate l(69).
422
Let j(z) = -9*z**3 + 333*z**2 + 1078*z + 180. Calculate j(40).
100
Let f(r) = -3*r**3 - 6*r**2 - 563*r + 2823. Determine f(5).
-517
Let i(r) = -r**3 + 391*r**2 + 22055*r + 239. What is i(-50)?
-11
Let g(x) = -4*x**3 + 621*x**2 - 624*x - 22486. Give g(154).
-2
Let d(m) = -343208*m + 6177745. Determine d(18).
1
Let a(o) = -13*o**3 - 14*o**2 - 36*o - 120. What is a(-2)?
0
Let z(b) = -2645721*b - 15874313. Calculate z(-6).
13
Let d(i) = -119*i**2 + 31*i - 120. Determine d(4).
-1900
Let g(n) = 2*n**3 + 23*n**2 - 203*n - 5. Determine g(-17).
267
Let v(j) = -6*j**3 + 316*j**2 + 114*j + 368. Calculate v(53).
792
Let x(s) = s**2 - 81*s - 4953. What is x(144)?
4119
Let s(j) = 59*j**2 - 24912*j - 49824. Calculate s(-2).
236
Let f(q) = -2*q**3 - 26*q**2 - 10*q - 129. Give f(-13).
1
Let z(x) = 234132*x + 3746113. Determine z(-16).
1
Let z(g) = -5*g**3 + 448*g**2 - 229*g - 3343. Give z(89).
39
Let x(t) = -t**3 + 826*t**2 + 320830*t + 2279. Give x(1114).
51
Let u(v) = 49876*v**2 - v - 19. Give u(0).
-19
Let g(r) = -170*r - 23849. Determine g(-147).
1141
Let r(d) = -1589*d - 81462. Determine r(-51).
-423
Let l(g) = -127*g**2 + 4524*g + 1722. Give l(36).
-6
Let s(r) = -r**3 + 52*r**2 + 111*r - 213. Calculate s(54).
-51
Let h(k) = k**3 - 317*k**2 + 753*k - 38774. Calculate h(315).
-29
Let t(f) = -28*f**2 + 957*f - 5433. Determine t(27).
-6
Let o(l) = l**3 - 5*l**2 - 132*l - 476. Calculate o(-5).
-66
Let k(o) = o**2 + 283*o - 38239. Calculate k(99).
-421
Let i(f) = 89*f**2 - 12102*f - 373. What is i(136)?
-101
Let z(s) = 7*s**2 - 488*s + 3068. Calculate z(7).
-5
Let z(m) = 8130*m + 46202. Determine z(-5).
5552
Let a(d) = 4*d**2 - 151*d - 1120. What is a(0)?
-1120
Let r(n) = 418*n + 23294. Determine r(-57).
-532
Let f(x) = -3*x**3 + 131*x**2 - 7185*x + 318070. Calculate f(44).
-6
Let r(u) = 55*u**3 - 4*u**2 + 4804*u - 14414. Calculate r(3).
1447
Let s(c) = 21*c - 2901. Determine s(85).
-1116
Let i(v) = 2297*v + 64710. Calculate i(-28).
394
Let q(g) = -11616*g - 1091894. Determine q(-94).
10
Let v(h) = -h**3 - 7*h**2 + 1224*h + 13129. Determine v(-11).
149
Let g(x) = x**3 + 100*x**2 + 2334*x - 822. Give g(-38).
14
Let j(d) = -29*d**2 - 3759*d + 1390. Give j(-130).
-40
Let t(m) = 274*m**2 + 4942*m - 77. Calculate t(-18).
-257
Let h(t) = t**3 - 26*t**2 - 4164*t + 81639. Determine h(19).
-4
Let t(l) = l**2 - 78*l - 1097. Calculate t(-12).
-17
Let a(u) = 46*u + 5311. What is a(-115)?
21
Let p(f) = -f**3 - 111*f**2 + 32460*f - 1061. Determine p(133).
3
Let g(i) = 10*i**3 + 19*i**2 - 123*i - 279. Give g(-3).
-9
Let s(x) = -x**3 + 47*x**2 + 647*x + 3604. Calculate s(59).
5
Let z(u) = -7*u**2 + 49*u - 201. Calculate z(7).
-201
Let p(b) = 2*b**2 - 244*b - 1708. Give p(-7).
98
Let f(x) = -7554*x - 5952548. Give f(-788).
4
Let r(f) = -2*f**2 - 2142*f - 129260. Determine r(-64).
-364
Let s(l) = -l**3 - 19*l**2 + 85*l + 45. Calculate s(4).
17
Let c(n) = -21*n**3 + 1251*n**2 + 553*n - 774. Calculate c(60).
6
Let a(l) = -l**2 - 67*l - 788. Calculate a(-30).
322
Let s(x) = 239*x - 1493. What is s(6)?
-59
Let v(l) = l**3 + 7*l**2 - 336*l + 24. Determine v(-22).
156
Let z(k) = -k**3 - 7*k**2 - 12*k + 46. Calculate z(-8).
206
Let v(c) = -4*c**3 - 97*c**2 - 57*c + 898. Calculate v(-21).
-3638
Let z(q) = q**2 + 529*q + 58838. Calculate z(-160).
-202
Let v(t) = 157*t - 8002. Determine v(54).
476
Let q(u) = -u**2 + 1580*u - 385951. What is q(302)?
5
Let u(v) = -v**3 - 20*v**2 - 60*v + 54. Determine u(-11).
-375
Let c(w) = 243*w - 52958. Determine c(211).
-1685
Let g(i) = -9*i**3 - 120*i**2 - 44*i - 63. Calculate g(-13).
2
Let k(f) = -20*f**3 - 14*f**2 + 54*f - 95. Calculate k(5).
-2675
Let y(t) = 526*t + 19003. What is y(-36)?
67
Let c(w) = -265*w - 5016. Give c(-19).
19
Let u(l) = 13059*l + 887841. Give u(-68).
-171
Let r(q) = 67*q - 18332. Calculate r(267).
-443
Let c(x) = x**3 - 1742*x**2 - 98830*x + 265. Determine c(-55).
-10
Let b(l) = -186831*l - 3362973. Determine b(-18).
-15
Let c(h) = 67*h - 38249. Calculate c(571).
8
Let z(r) = r**3 - 61*r**2 + 122*r - 624. Calculate z(59).
-388
Let c(i) = 35*i**2 - 146*i - 61. Calculate c(5).
84
Let p(n) = 3*n**3 - 268*n**2 + 221*n - 11771. Calculate p(89).
-23
Let c(x) = -984*x + 16767. Give c(17).
39
Let k(c) = -46697*c - 1074035. Calculate k(-23).
-4
Let l(q) = 68*q**2 + 1980*q + 252. Give l(-29).
20
Let r(b) = b**3 + 87*b**2 + 691*b - 797. Calculate r(-78).
61
Let h(c) = c**2 - 17466*c + 1044372. Calculate h(60).
12
Let t(i) = -4*i**3 + 40*i**2 + 314*i - 2620. Calculate t(12).
-4
Let r(a) = a**3 - 89*a**2 - 6399*a - 187. Calculate r(-47).
142
Let o(s) = 16583*s + 3416091. What is o(-206)?
-7
Let t(o) = -4603*o + 50779. What is t(11)?
146
Let w(q) = -234150*q + 37. Calculate w(0).
37
Let k(y) = -1642*y - 403935. What is k(-246)?
-3
Let p(s) = -34090*s + 9817914. Give p(288).
-6
Let m(a) = -9818*a - 274883. Calculate m(-28).
21
Let l(z) = 892*z - 6588. Determine l(8).
548
Let i(l) = l**3 - 70*l**2 + 1206*l - 273. Calculate i(41).
424
Let y(w) = 42*w**2 + 259*w + 656. Determine y(-8).
1272
Let h(j) = 43*j**3 + 226*j**2 - 3*j - 3. Determine h(-5).
287
Let c(u) = 1407*u**2 + 4321*u + 2. What is c(-3)?
-298
Let a(f) = -138*f - 49448. Determine a(-356).
-320
Let l(v) = -2326*v - 28060. What is l(-12)?
-148
Let j(c) = -76676*c + 613410. What is j(8)?
2
Let m(b) = -b**3 - 5*b**2 - 647*b - 6961. Give m(-10).
9
Let v(o) = -o**3 - 11*o**2 - 27*o - 660. Calculate v(-14).
306
Let p(o) = -22*o**2 - 807